{"id":286,"date":"2016-10-31T13:17:59","date_gmt":"2016-10-31T16:17:59","guid":{"rendered":"https:\/\/istasuperior-sgo.infd.edu.ar\/sitio\/?page_id=286"},"modified":"2025-12-31T20:05:16","modified_gmt":"2025-12-31T23:05:16","slug":"inicio","status":"publish","type":"page","link":"https:\/\/istasuperior-sgo.infd.edu.ar\/sitio\/","title":{"rendered":"Inicio"},"content":{"rendered":"<p class=\"Resaltado1\" style=\"text-align: center;\"><img decoding=\"async\" loading=\"lazy\" class=\"alignnone size-medium wp-image-1348\" src=\"https:\/\/istasuperior-sgo.infd.edu.ar\/sitio\/wp-content\/uploads\/2024\/07\/20240321_092855-1000x750.jpg\" alt=\"\" width=\"1000\" height=\"750\" srcset=\"https:\/\/istasuperior-sgo.infd.edu.ar\/sitio\/wp-content\/uploads\/2024\/07\/20240321_092855-1000x750.jpg 1000w, https:\/\/istasuperior-sgo.infd.edu.ar\/sitio\/wp-content\/uploads\/2024\/07\/20240321_092855-1900x1425.jpg 1900w, https:\/\/istasuperior-sgo.infd.edu.ar\/sitio\/wp-content\/uploads\/2024\/07\/20240321_092855-768x576.jpg 768w, https:\/\/istasuperior-sgo.infd.edu.ar\/sitio\/wp-content\/uploads\/2024\/07\/20240321_092855-1536x1152.jpg 1536w, https:\/\/istasuperior-sgo.infd.edu.ar\/sitio\/wp-content\/uploads\/2024\/07\/20240321_092855-2048x1536.jpg 2048w\" sizes=\"(max-width: 1000px) 100vw, 1000px\" \/><\/p>\n<p class=\"Resaltado1\" style=\"text-align: center;\"><span style=\"font-family: arial,helvetica,sans-serif; color: #ffffff; font-size: 14pt;\" data-mce-mark=\"1\">\u00a0<\/span><\/p>\n<p><em><strong>Misi\u00f3n Institucional:<\/strong><\/em><\/p>\n<p style=\"text-align: center;\"><em><strong>\u00abSomos una comunidad educativa, cat\u00f3lica y diocesana que brinda ense\u00f1anza integral inclusiva a ni\u00f1os, j\u00f3venes y adultos conjugando ciencia y fe comprometidos con el presente.\u00bb<\/strong><\/em><\/p>\n<p>&nbsp;<\/p>\n<p><em><strong>Visi\u00f3n Institucional:\u00a0<\/strong><\/em><\/p>\n<p style=\"text-align: center;\"><em><strong>\u00abPara el periodo 2021- 2031 aspiramos a ser una instituci\u00f3n referente conocida por su excelencia educativa fundada en principios cient\u00edficos, tecnol\u00f3gicos animados por el esp\u00edritu evangelizador en la sociedad Santiague\u00f1a.\u00bb\u00a0<\/strong><\/em><\/p>\n<p><img decoding=\"async\" loading=\"lazy\" class=\" wp-image-1413 aligncenter\" src=\"https:\/\/istasuperior-sgo.infd.edu.ar\/sitio\/wp-content\/uploads\/2025\/12\/IMG-20251201-WA0094-565x1000.jpg\" alt=\"\" width=\"638\" height=\"1129\" srcset=\"https:\/\/istasuperior-sgo.infd.edu.ar\/sitio\/wp-content\/uploads\/2025\/12\/IMG-20251201-WA0094-565x1000.jpg 565w, https:\/\/istasuperior-sgo.infd.edu.ar\/sitio\/wp-content\/uploads\/2025\/12\/IMG-20251201-WA0094-768x1358.jpg 768w, https:\/\/istasuperior-sgo.infd.edu.ar\/sitio\/wp-content\/uploads\/2025\/12\/IMG-20251201-WA0094-868x1536.jpg 868w, https:\/\/istasuperior-sgo.infd.edu.ar\/sitio\/wp-content\/uploads\/2025\/12\/IMG-20251201-WA0094.jpg 886w\" sizes=\"(max-width: 638px) 100vw, 638px\" \/><\/p>\n<p style=\"text-align: center;\"><a href=\"https:\/\/istasuperior-sgo.infd.edu.ar\/sitio\/pedido-de-informacion-2\/\"><em><strong>Requisitos de Ingreso<\/strong><\/em><\/a><\/p>\n<p><img decoding=\"async\" loading=\"lazy\" class=\"alignnone size-medium wp-image-1370\" src=\"https:\/\/istasuperior-sgo.infd.edu.ar\/sitio\/wp-content\/uploads\/2024\/09\/WhatsApp-Image-2024-09-30-at-08.58.21-1000x1000.jpeg\" alt=\"\" width=\"1000\" height=\"1000\" srcset=\"https:\/\/istasuperior-sgo.infd.edu.ar\/sitio\/wp-content\/uploads\/2024\/09\/WhatsApp-Image-2024-09-30-at-08.58.21-1000x1000.jpeg 1000w, https:\/\/istasuperior-sgo.infd.edu.ar\/sitio\/wp-content\/uploads\/2024\/09\/WhatsApp-Image-2024-09-30-at-08.58.21-500x500.jpeg 500w, https:\/\/istasuperior-sgo.infd.edu.ar\/sitio\/wp-content\/uploads\/2024\/09\/WhatsApp-Image-2024-09-30-at-08.58.21-768x768.jpeg 768w, https:\/\/istasuperior-sgo.infd.edu.ar\/sitio\/wp-content\/uploads\/2024\/09\/WhatsApp-Image-2024-09-30-at-08.58.21.jpeg 1080w\" sizes=\"(max-width: 1000px) 100vw, 1000px\" \/>\u00a0<\/p>\n<p><img decoding=\"async\" loading=\"lazy\" class=\"wp-image-1369 aligncenter\" src=\"https:\/\/istasuperior-sgo.infd.edu.ar\/sitio\/wp-content\/uploads\/2024\/09\/WhatsApp-Image-2024-09-26-at-09.58.31.jpeg\" alt=\"\" width=\"287\" height=\"287\" srcset=\"https:\/\/istasuperior-sgo.infd.edu.ar\/sitio\/wp-content\/uploads\/2024\/09\/WhatsApp-Image-2024-09-26-at-09.58.31.jpeg 960w, https:\/\/istasuperior-sgo.infd.edu.ar\/sitio\/wp-content\/uploads\/2024\/09\/WhatsApp-Image-2024-09-26-at-09.58.31-500x500.jpeg 500w, https:\/\/istasuperior-sgo.infd.edu.ar\/sitio\/wp-content\/uploads\/2024\/09\/WhatsApp-Image-2024-09-26-at-09.58.31-768x768.jpeg 768w\" sizes=\"(max-width: 287px) 100vw, 287px\" \/><\/p>\n<p>&nbsp;<\/p>\n<p style=\"text-align: center;\"><strong>Comunicate: istasuperior@gmail.com<\/strong><\/p>\n<p style=\"text-align: center;\"><a href=\"https:\/\/istasuperior-sgo.infd.edu.ar\/sitio\/pedido-de-informacion-2\/\"><em><strong>Requisitos de Ingreso y Formularios<\/strong><\/em><\/a><br \/><img decoding=\"async\" loading=\"lazy\" class=\"wp-image-1301 aligncenter\" src=\"https:\/\/istasuperior-sgo.infd.edu.ar\/sitio\/wp-content\/uploads\/2023\/10\/lincolors1-300x10-1.gif\" alt=\"\" width=\"180\" height=\"6\" \/><\/p>\n<p class=\"Resaltado1\" style=\"text-align: center;\"><span style=\"font-family: arial,helvetica,sans-serif; color: #ffffff; font-size: 14pt;\" data-mce-mark=\"1\">TOMAS DE\u00a0<\/span><\/p>\n<p style=\"text-align: center;\"><span style=\"font-family: arial,helvetica,sans-serif; color: #3e748e; font-size: 14pt;\" data-mce-mark=\"1\">EDUCACI\u00d3N SUPERIOR<\/span><\/p>\n<p style=\"text-align: center;\"><span style=\"font-size: 14pt; color: black; font-family: Verdana;\" data-mce-mark=\"1\"><span style=\"font-size: 14pt; color: black; font-family: Verdana;\" data-mce-mark=\"1\"><span style=\"font-size: 14pt; color: black; font-family: Verdana;\" data-mce-mark=\"1\">Instituto de Educaci\u00f3n Superior de la Provincia de Santiago del Estero, de gesti\u00f3n privada, inspirado en el pensamiento humanista de Santo Tomas de Aquino, promueve la formaci\u00f3n integral de la persona, por medio de los procesos de Ense\u00f1anza y aprendizaje, la investigaci\u00f3n y la proyecci\u00f3n social: seg\u00fan las exigencias de la vida humana, de la sociedad y del pa\u00eds.<\/span><\/span><\/span><\/p>\n<p style=\"text-align: justify;\"><span style=\"font-size: 10pt; color: black; font-family: Verdana;\" data-mce-mark=\"1\"><img decoding=\"async\" loading=\"lazy\" title=\"Red sin t\u00edtulo\" src=\"https:\/\/istasuperior-sgo.infd.edu.ar\/sitio\/wp-content\/uploads\/2018\/08\/red.jpg\" alt=\"Red sin t\u00edtulo\" width=\"62\" height=\"33\" border=\"0\" \/>Junto con varios \u00a0c<\/span><span style=\"font-family: Verdana; font-size: 10pt;\" data-mce-mark=\"1\">ientos de Institutos, integramos la <\/span><strong style=\"font-family: Verdana; font-size: 10pt;\"><em><span style=\"font-family: Verdana;\" data-mce-mark=\"1\">Red\u00a0Virtual de Institutos Superiores de Formaci\u00f3n Docente<\/span><\/em><\/strong><span style=\"font-family: Verdana; font-size: 10pt;\" data-mce-mark=\"1\">\u00a0coordinada por el <\/span><strong style=\"font-family: Verdana; font-size: 10pt;\"><span style=\"font-family: Verdana;\" data-mce-mark=\"1\">INFOD<\/span><\/strong><span style=\"font-family: Verdana; font-size: 10pt;\" data-mce-mark=\"1\"> (Instituto Nacional de Formaci\u00f3n Docente) dependiente del Ministerio de Educaci\u00f3n de la Naci\u00f3n Argentina.<\/span><\/p>\n<p>&nbsp;<\/p>\n<p style=\"text-align: center;\"><strong>Algunas de Nuestras Actividades\u00a0<\/strong><\/p>\n<p style=\"text-align: center;\"><strong>65 Aniversario<\/strong><\/p>\n<p><iframe loading=\"lazy\" title=\"ISTA 65 Aniversario\" width=\"1200\" height=\"900\" src=\"https:\/\/www.youtube.com\/embed\/vNl5eaidFt4?feature=oembed\" frameborder=\"0\" allow=\"accelerometer; autoplay; clipboard-write; encrypted-media; gyroscope; picture-in-picture; web-share\" referrerpolicy=\"strict-origin-when-cross-origin\" allowfullscreen><\/iframe><\/p>\n<p style=\"text-align: center;\"><strong>D\u00eda de la Autonom\u00eda Provincial (a\u00f1o 2025)<\/strong><\/p>\n<p><iframe loading=\"lazy\" title=\"D\u00eda de la Autonomia Provincial ISTA PEP\" width=\"1200\" height=\"900\" src=\"https:\/\/www.youtube.com\/embed\/nIALxflPWYA?feature=oembed\" frameborder=\"0\" allow=\"accelerometer; autoplay; clipboard-write; encrypted-media; gyroscope; picture-in-picture; web-share\" referrerpolicy=\"strict-origin-when-cross-origin\" allowfullscreen><\/iframe><\/p>\n<p style=\"text-align: center;\"><strong>Aniversario del Instituto (A\u00f1o 2024)<\/strong><\/p>\n<p><img decoding=\"async\" loading=\"lazy\" class=\"size-medium wp-image-1252 aligncenter\" src=\"https:\/\/istasuperior-sgo.infd.edu.ar\/sitio\/wp-content\/uploads\/2023\/06\/20230606_0827382-1000x572.jpg\" alt=\"\" width=\"1000\" height=\"572\" srcset=\"https:\/\/istasuperior-sgo.infd.edu.ar\/sitio\/wp-content\/uploads\/2023\/06\/20230606_0827382-1000x572.jpg 1000w, https:\/\/istasuperior-sgo.infd.edu.ar\/sitio\/wp-content\/uploads\/2023\/06\/20230606_0827382-1900x1086.jpg 1900w, https:\/\/istasuperior-sgo.infd.edu.ar\/sitio\/wp-content\/uploads\/2023\/06\/20230606_0827382-768x439.jpg 768w, https:\/\/istasuperior-sgo.infd.edu.ar\/sitio\/wp-content\/uploads\/2023\/06\/20230606_0827382-1536x878.jpg 1536w, https:\/\/istasuperior-sgo.infd.edu.ar\/sitio\/wp-content\/uploads\/2023\/06\/20230606_0827382-2048x1170.jpg 2048w\" sizes=\"(max-width: 1000px) 100vw, 1000px\" \/><\/p>\n<div style=\"width: 1200px;\" class=\"wp-video\"><!--[if lt IE 9]><script>document.createElement('video');<\/script><![endif]-->\n<video class=\"wp-video-shortcode\" id=\"video-286-1\" width=\"1200\" height=\"675\" preload=\"metadata\" controls=\"controls\"><source type=\"video\/mp4\" src=\"https:\/\/istasuperior-sgo.infd.edu.ar\/sitio\/wp-content\/uploads\/2023\/06\/20230606_100957.mp4?_=1\" \/><a href=\"https:\/\/istasuperior-sgo.infd.edu.ar\/sitio\/wp-content\/uploads\/2023\/06\/20230606_100957.mp4\">https:\/\/istasuperior-sgo.infd.edu.ar\/sitio\/wp-content\/uploads\/2023\/06\/20230606_100957.mp4<\/a><\/video><\/div>\n<p><img decoding=\"async\" loading=\"lazy\" class=\"wp-image-1247 aligncenter\" src=\"https:\/\/istasuperior-sgo.infd.edu.ar\/sitio\/wp-content\/uploads\/2023\/06\/20230606_100707-1000x750.jpg\" alt=\"\" width=\"460\" height=\"346\" srcset=\"https:\/\/istasuperior-sgo.infd.edu.ar\/sitio\/wp-content\/uploads\/2023\/06\/20230606_100707-1000x750.jpg 1000w, https:\/\/istasuperior-sgo.infd.edu.ar\/sitio\/wp-content\/uploads\/2023\/06\/20230606_100707-1900x1425.jpg 1900w, https:\/\/istasuperior-sgo.infd.edu.ar\/sitio\/wp-content\/uploads\/2023\/06\/20230606_100707-768x576.jpg 768w, https:\/\/istasuperior-sgo.infd.edu.ar\/sitio\/wp-content\/uploads\/2023\/06\/20230606_100707-1536x1152.jpg 1536w, https:\/\/istasuperior-sgo.infd.edu.ar\/sitio\/wp-content\/uploads\/2023\/06\/20230606_100707-2048x1536.jpg 2048w\" sizes=\"(max-width: 460px) 100vw, 460px\" \/><\/p>\n<p><img decoding=\"async\" loading=\"lazy\" class=\" wp-image-1248 aligncenter\" src=\"https:\/\/istasuperior-sgo.infd.edu.ar\/sitio\/wp-content\/uploads\/2023\/06\/20230606_100218-1000x750.jpg\" alt=\"\" width=\"460\" height=\"346\" srcset=\"https:\/\/istasuperior-sgo.infd.edu.ar\/sitio\/wp-content\/uploads\/2023\/06\/20230606_100218-1000x750.jpg 1000w, https:\/\/istasuperior-sgo.infd.edu.ar\/sitio\/wp-content\/uploads\/2023\/06\/20230606_100218-1900x1425.jpg 1900w, https:\/\/istasuperior-sgo.infd.edu.ar\/sitio\/wp-content\/uploads\/2023\/06\/20230606_100218-768x576.jpg 768w, https:\/\/istasuperior-sgo.infd.edu.ar\/sitio\/wp-content\/uploads\/2023\/06\/20230606_100218-1536x1152.jpg 1536w, https:\/\/istasuperior-sgo.infd.edu.ar\/sitio\/wp-content\/uploads\/2023\/06\/20230606_100218-2048x1536.jpg 2048w\" sizes=\"(max-width: 460px) 100vw, 460px\" \/><\/p>\n<p><img decoding=\"async\" loading=\"lazy\" class=\"wp-image-1249 aligncenter\" src=\"https:\/\/istasuperior-sgo.infd.edu.ar\/sitio\/wp-content\/uploads\/2023\/06\/20230606_100119-1000x750.jpg\" alt=\"\" width=\"460\" height=\"345\" srcset=\"https:\/\/istasuperior-sgo.infd.edu.ar\/sitio\/wp-content\/uploads\/2023\/06\/20230606_100119-1000x750.jpg 1000w, https:\/\/istasuperior-sgo.infd.edu.ar\/sitio\/wp-content\/uploads\/2023\/06\/20230606_100119-1900x1425.jpg 1900w, https:\/\/istasuperior-sgo.infd.edu.ar\/sitio\/wp-content\/uploads\/2023\/06\/20230606_100119-768x576.jpg 768w, https:\/\/istasuperior-sgo.infd.edu.ar\/sitio\/wp-content\/uploads\/2023\/06\/20230606_100119-1536x1152.jpg 1536w, https:\/\/istasuperior-sgo.infd.edu.ar\/sitio\/wp-content\/uploads\/2023\/06\/20230606_100119-2048x1536.jpg 2048w\" sizes=\"(max-width: 460px) 100vw, 460px\" \/><\/p>\n<p><img decoding=\"async\" loading=\"lazy\" class=\" wp-image-1250 aligncenter\" src=\"https:\/\/istasuperior-sgo.infd.edu.ar\/sitio\/wp-content\/uploads\/2023\/06\/20230606_095321-1000x750.jpg\" alt=\"\" width=\"460\" height=\"345\" srcset=\"https:\/\/istasuperior-sgo.infd.edu.ar\/sitio\/wp-content\/uploads\/2023\/06\/20230606_095321-1000x750.jpg 1000w, https:\/\/istasuperior-sgo.infd.edu.ar\/sitio\/wp-content\/uploads\/2023\/06\/20230606_095321-1900x1425.jpg 1900w, https:\/\/istasuperior-sgo.infd.edu.ar\/sitio\/wp-content\/uploads\/2023\/06\/20230606_095321-768x576.jpg 768w, https:\/\/istasuperior-sgo.infd.edu.ar\/sitio\/wp-content\/uploads\/2023\/06\/20230606_095321-1536x1152.jpg 1536w, https:\/\/istasuperior-sgo.infd.edu.ar\/sitio\/wp-content\/uploads\/2023\/06\/20230606_095321-2048x1536.jpg 2048w\" sizes=\"(max-width: 460px) 100vw, 460px\" \/> \u00a0\u00a0<\/p>\n<p style=\"text-align: center;\"><strong>Desayuno T\u00edpico conmemoraci\u00f3n del 25 de Mayo<\/strong><\/p>\n<p><img decoding=\"async\" loading=\"lazy\" class=\" wp-image-1257 aligncenter\" src=\"https:\/\/istasuperior-sgo.infd.edu.ar\/sitio\/wp-content\/uploads\/2023\/06\/20230523_094316-1000x750.jpg\" alt=\"\" width=\"459\" height=\"345\" srcset=\"https:\/\/istasuperior-sgo.infd.edu.ar\/sitio\/wp-content\/uploads\/2023\/06\/20230523_094316-1000x750.jpg 1000w, https:\/\/istasuperior-sgo.infd.edu.ar\/sitio\/wp-content\/uploads\/2023\/06\/20230523_094316-1900x1425.jpg 1900w, https:\/\/istasuperior-sgo.infd.edu.ar\/sitio\/wp-content\/uploads\/2023\/06\/20230523_094316-768x576.jpg 768w, https:\/\/istasuperior-sgo.infd.edu.ar\/sitio\/wp-content\/uploads\/2023\/06\/20230523_094316-1536x1152.jpg 1536w, https:\/\/istasuperior-sgo.infd.edu.ar\/sitio\/wp-content\/uploads\/2023\/06\/20230523_094316-2048x1536.jpg 2048w\" sizes=\"(max-width: 459px) 100vw, 459px\" \/><\/p>\n<p><img decoding=\"async\" loading=\"lazy\" class=\"wp-image-1258 aligncenter\" src=\"https:\/\/istasuperior-sgo.infd.edu.ar\/sitio\/wp-content\/uploads\/2023\/06\/20230523_094303-1000x750.jpg\" alt=\"\" width=\"460\" height=\"345\" srcset=\"https:\/\/istasuperior-sgo.infd.edu.ar\/sitio\/wp-content\/uploads\/2023\/06\/20230523_094303-1000x750.jpg 1000w, https:\/\/istasuperior-sgo.infd.edu.ar\/sitio\/wp-content\/uploads\/2023\/06\/20230523_094303-1900x1425.jpg 1900w, https:\/\/istasuperior-sgo.infd.edu.ar\/sitio\/wp-content\/uploads\/2023\/06\/20230523_094303-768x576.jpg 768w, https:\/\/istasuperior-sgo.infd.edu.ar\/sitio\/wp-content\/uploads\/2023\/06\/20230523_094303-1536x1152.jpg 1536w, https:\/\/istasuperior-sgo.infd.edu.ar\/sitio\/wp-content\/uploads\/2023\/06\/20230523_094303-2048x1536.jpg 2048w\" sizes=\"(max-width: 460px) 100vw, 460px\" \/><\/p>\n<p><img decoding=\"async\" loading=\"lazy\" class=\" wp-image-1259 aligncenter\" src=\"https:\/\/istasuperior-sgo.infd.edu.ar\/sitio\/wp-content\/uploads\/2023\/06\/20230523_094234-1000x750.jpg\" alt=\"\" width=\"460\" height=\"345\" srcset=\"https:\/\/istasuperior-sgo.infd.edu.ar\/sitio\/wp-content\/uploads\/2023\/06\/20230523_094234-1000x750.jpg 1000w, https:\/\/istasuperior-sgo.infd.edu.ar\/sitio\/wp-content\/uploads\/2023\/06\/20230523_094234-1900x1425.jpg 1900w, https:\/\/istasuperior-sgo.infd.edu.ar\/sitio\/wp-content\/uploads\/2023\/06\/20230523_094234-768x576.jpg 768w, https:\/\/istasuperior-sgo.infd.edu.ar\/sitio\/wp-content\/uploads\/2023\/06\/20230523_094234-1536x1152.jpg 1536w, https:\/\/istasuperior-sgo.infd.edu.ar\/sitio\/wp-content\/uploads\/2023\/06\/20230523_094234-2048x1536.jpg 2048w\" sizes=\"(max-width: 460px) 100vw, 460px\" \/><\/p>\n<p>\u00a0<img decoding=\"async\" loading=\"lazy\" class=\"wp-image-1261 aligncenter\" src=\"https:\/\/istasuperior-sgo.infd.edu.ar\/sitio\/wp-content\/uploads\/2023\/06\/20230523_094228-1000x750.jpg\" alt=\"\" width=\"460\" height=\"345\" srcset=\"https:\/\/istasuperior-sgo.infd.edu.ar\/sitio\/wp-content\/uploads\/2023\/06\/20230523_094228-1000x750.jpg 1000w, https:\/\/istasuperior-sgo.infd.edu.ar\/sitio\/wp-content\/uploads\/2023\/06\/20230523_094228-1900x1425.jpg 1900w, https:\/\/istasuperior-sgo.infd.edu.ar\/sitio\/wp-content\/uploads\/2023\/06\/20230523_094228-768x576.jpg 768w, https:\/\/istasuperior-sgo.infd.edu.ar\/sitio\/wp-content\/uploads\/2023\/06\/20230523_094228-1536x1152.jpg 1536w, https:\/\/istasuperior-sgo.infd.edu.ar\/sitio\/wp-content\/uploads\/2023\/06\/20230523_094228-2048x1536.jpg 2048w\" sizes=\"(max-width: 460px) 100vw, 460px\" \/><\/p>\n<p><img decoding=\"async\" loading=\"lazy\" class=\"wp-image-1262 aligncenter\" src=\"https:\/\/istasuperior-sgo.infd.edu.ar\/sitio\/wp-content\/uploads\/2023\/06\/20230523_094201-1000x750.jpg\" alt=\"\" width=\"460\" height=\"345\" srcset=\"https:\/\/istasuperior-sgo.infd.edu.ar\/sitio\/wp-content\/uploads\/2023\/06\/20230523_094201-1000x750.jpg 1000w, https:\/\/istasuperior-sgo.infd.edu.ar\/sitio\/wp-content\/uploads\/2023\/06\/20230523_094201-1900x1425.jpg 1900w, https:\/\/istasuperior-sgo.infd.edu.ar\/sitio\/wp-content\/uploads\/2023\/06\/20230523_094201-768x576.jpg 768w, https:\/\/istasuperior-sgo.infd.edu.ar\/sitio\/wp-content\/uploads\/2023\/06\/20230523_094201-1536x1152.jpg 1536w, https:\/\/istasuperior-sgo.infd.edu.ar\/sitio\/wp-content\/uploads\/2023\/06\/20230523_094201-2048x1536.jpg 2048w\" sizes=\"(max-width: 460px) 100vw, 460px\" \/><\/p>\n<p><img decoding=\"async\" loading=\"lazy\" class=\" wp-image-1263 aligncenter\" src=\"https:\/\/istasuperior-sgo.infd.edu.ar\/sitio\/wp-content\/uploads\/2023\/06\/20230523_094153-1000x750.jpg\" alt=\"\" width=\"460\" height=\"345\" srcset=\"https:\/\/istasuperior-sgo.infd.edu.ar\/sitio\/wp-content\/uploads\/2023\/06\/20230523_094153-1000x750.jpg 1000w, https:\/\/istasuperior-sgo.infd.edu.ar\/sitio\/wp-content\/uploads\/2023\/06\/20230523_094153-1900x1425.jpg 1900w, https:\/\/istasuperior-sgo.infd.edu.ar\/sitio\/wp-content\/uploads\/2023\/06\/20230523_094153-768x576.jpg 768w, https:\/\/istasuperior-sgo.infd.edu.ar\/sitio\/wp-content\/uploads\/2023\/06\/20230523_094153-1536x1152.jpg 1536w, https:\/\/istasuperior-sgo.infd.edu.ar\/sitio\/wp-content\/uploads\/2023\/06\/20230523_094153-2048x1536.jpg 2048w\" sizes=\"(max-width: 460px) 100vw, 460px\" \/><\/p>\n<p>&nbsp;<\/p>\n<p><strong>\u00a0 # Tutoriales para el uso del\u00a0 las Aulas Virtuales:\u00a0\u00a0<\/strong><\/p>\n<p style=\"text-align: center;\"><strong><a href=\"https:\/\/tic.infd.edu.ar\/tutoriales\/\">https:\/\/tic.infd.edu.ar\/tutoriales\/<\/a><\/strong><\/p>\n<p><strong>Me olvide la CONTRASE\u00d1A: Video Tutorial:\u00a0<\/strong><a href=\"https:\/\/red.infd.edu.ar\/video-tutoriales-del-campus\/#ancla2\">https:\/\/red.infd.edu.ar\/video-tutoriales-del-campus\/#ancla2<\/a>\u00a0<\/p>\n<p style=\"text-align: center;\"><img decoding=\"async\" loading=\"lazy\" class=\"alignnone  wp-image-1369\" src=\"https:\/\/istasuperior-sgo.infd.edu.ar\/sitio\/wp-content\/uploads\/2024\/09\/WhatsApp-Image-2024-09-26-at-09.58.31.jpeg\" alt=\"\" width=\"127\" height=\"127\" srcset=\"https:\/\/istasuperior-sgo.infd.edu.ar\/sitio\/wp-content\/uploads\/2024\/09\/WhatsApp-Image-2024-09-26-at-09.58.31.jpeg 960w, https:\/\/istasuperior-sgo.infd.edu.ar\/sitio\/wp-content\/uploads\/2024\/09\/WhatsApp-Image-2024-09-26-at-09.58.31-500x500.jpeg 500w, https:\/\/istasuperior-sgo.infd.edu.ar\/sitio\/wp-content\/uploads\/2024\/09\/WhatsApp-Image-2024-09-26-at-09.58.31-768x768.jpeg 768w\" sizes=\"(max-width: 127px) 100vw, 127px\" \/><\/p>\n","protected":false},"excerpt":{"rendered":"<p>\u00a0 Misi\u00f3n Institucional: \u00abSomos una comunidad educativa, cat\u00f3lica y diocesana que brinda ense\u00f1anza integral inclusiva a ni\u00f1os, j\u00f3venes y adultos conjugando ciencia y fe comprometidos con el presente.\u00bb &nbsp; Visi\u00f3n Institucional:\u00a0 \u00abPara el periodo 2021- 2031 aspiramos a ser una instituci\u00f3n referente conocida por su excelencia educativa fundada en principios cient\u00edficos, tecnol\u00f3gicos animados por el &#8230; <a title=\"Inicio\" class=\"read-more\" href=\"https:\/\/istasuperior-sgo.infd.edu.ar\/sitio\/\" aria-label=\"More on Inicio\">[+]<\/a><\/p>\n","protected":false},"author":1,"featured_media":0,"parent":0,"menu_order":0,"comment_status":"closed","ping_status":"closed","template":"","meta":[],"acf":[],"_links":{"self":[{"href":"https:\/\/istasuperior-sgo.infd.edu.ar\/sitio\/wp-json\/wp\/v2\/pages\/286"}],"collection":[{"href":"https:\/\/istasuperior-sgo.infd.edu.ar\/sitio\/wp-json\/wp\/v2\/pages"}],"about":[{"href":"https:\/\/istasuperior-sgo.infd.edu.ar\/sitio\/wp-json\/wp\/v2\/types\/page"}],"author":[{"embeddable":true,"href":"https:\/\/istasuperior-sgo.infd.edu.ar\/sitio\/wp-json\/wp\/v2\/users\/1"}],"replies":[{"embeddable":true,"href":"https:\/\/istasuperior-sgo.infd.edu.ar\/sitio\/wp-json\/wp\/v2\/comments?post=286"}],"version-history":[{"count":187,"href":"https:\/\/istasuperior-sgo.infd.edu.ar\/sitio\/wp-json\/wp\/v2\/pages\/286\/revisions"}],"predecessor-version":[{"id":1417,"href":"https:\/\/istasuperior-sgo.infd.edu.ar\/sitio\/wp-json\/wp\/v2\/pages\/286\/revisions\/1417"}],"wp:attachment":[{"href":"https:\/\/istasuperior-sgo.infd.edu.ar\/sitio\/wp-json\/wp\/v2\/media?parent=286"}],"curies":[{"name":"wp","href":"https:\/\/api.w.org\/{rel}","templated":true}]}}